 n. Calculate y(h).
-3
Let y(q) = 10*q**2 - q**2 - q - 10*q**2 - q + 0*q. Give y(3).
-15
Let g(f) = 4*f**2 - 2*f - f**3 - 2*f**2 + f - 1 - 2*f**3. Suppose d - 7 = x, d + 4*x + 13 = x. What is g(d)?
-19
Let z be 0 + 1 - 12/2. Let o(v) = -32 + 13 + 18 - 5*v + v + 3*v. What is o(z)?
4
Let i(l) = -4*l + 3 + 20 - 6*l - 10*l. Let f(q) = 6*q - 8. Let c(n) = -7*f(n) - 2*i(n). Give c(7).
-4
Let g(q) = 7*q + 12. Suppose 5*x + 44 = 29. Let m be g(x). Let f(l) = -l**2 - 9*l + 1. What is f(m)?
1
Let h(i) = i - 4. Let m(k) = -1042 + 521 - k + 524. Suppose -4 = -3*x - 19. Let s(l) = x*h(l) - 6*m(l). What is s(-3)?
-1
Let i(o) = -o - 1. Let d be i(-4). Suppose d*v = 6*v + 15. Let f(g) be the second derivative of g**3/6 + 3*g**2 + 2*g. Give f(v).
1
Let n(f) be the first derivative of -f**3 + 2*f**2 - 2*f + 94. Give n(2).
-6
Let i(o) = -o**2 - o - 3. Let b(l) = -2*l + 9. Let r be b(6). Give i(r).
-9
Suppose 5*k + 5 = 0, 5*w + 23 = 4*k - 7*k. Let c(s) = s**3 + 6*s**2 + 2*s + 3. Determine c(w).
27
Let b(r) = r**2 + 3*r - 12. Let a be (-10 - 126/(-12))*(-13 - -1). Determine b(a).
6
Let o(q) = -q**2 + 3. Suppose -4 = 5*f - 9. Suppose 2*y + 9 = d - f, y + 5 = -5*d. Give o(d).
3
Let f(u) be the third derivative of u**6/120 + u**5/6 + 3*u**4/8 + 5*u**3/6 + 23*u**2. Give f(-9).
5
Suppose -2885 = -5*v + 5*q, 5*v - 2925 = -q - 2*q. Let k be v/34 + (-2)/17. Suppose 5 = 2*h + k. Let f(m) = 3*m + 6. What is f(h)?
-12
Let k(t) = 4*t**2 + 1. Let b be k(-1). Let h(n) = 5*n**2 - 38 - 42 - n**3 - 33 + 4*n + 107. Calculate h(b).
14
Let r(t) = t**2 + 12*t - 8. Suppose 6*y + 2563 - 2497 = 0. Give r(y).
-19
Let a(y) be the third derivative of y**6/120 - y**5/12 - y**4/6 + y**3 + 245*y**2. What is a(6)?
18
Let v(c) be the third derivative of c**4/24 - c**3/6 + 2*c**2. Suppose -3*p = 2*p + h + 242, 2*p - h + 94 = 0. Let o = p + 44. Determine v(o).
-5
Let g(x) = x**2 - x + 4. Let f(w) = -w - 11. Let p(z) = -z**2 - 3*z + 4. Let b be p(-3). Suppose -2*y = -b*y - 22. Let n be f(y). Calculate g(n).
4
Let r = -26 - -29. Suppose 4*d + 8 = -5*s + s, 4*s - 2*d = 16. Let q(g) = 2*g - g - g**r + 3*g**2 - 7*g**s + 1. Determine q(-4).
-3
Let b(m) = -m**3 + 6*m**2 - 3. Let w be b(5). Suppose -w = 8*o + 26. Let t(l) = l + 8. Give t(o).
2
Let a(m) = -7*m**2 + 1. Let f(q) = -5*q - 15. Let l be f(-7). Let z = -19 + l. Determine a(z).
-6
Let n(v) be the third derivative of -v**7/2520 + v**6/360 - v**5/60 - 7*v**2. Let w(d) be the third derivative of n(d). Give w(-2).
6
Let d = 4974 - 4971. Let p(g) = -2 + 4 + g**3 - 5 - 3*g**2 + g. What is p(d)?
0
Let u(s) be the second derivative of -2*s**3/3 - 4*s. Let d(g) = -2*g + 6. Let p be d(-5). Let x = 17 - p. Determine u(x).
-4
Let j be ((-15)/70)/((-108)/42). Let c(t) be the second derivative of -j*t**4 - 2/3*t**3 + 0 - t - 3/2*t**2. What is c(-2)?
1
Let x(f) = -2*f - 6. Let w(n) = 8*n + 55. Let t(z) = w(z) + 6*x(z). Give t(4).
3
Let r(c) = 7 + 0 - 1 - 18 - c. Give r(-7).
-5
Let z(o) be the first derivative of -1/4*o**4 + 0*o**3 + 2 + 0*o**2 - o. Let y(i) = -i**3 + 33*i**2 + 34*i + 1. Let c be y(34). Give z(c).
-2
Let u(l) = -14*l + 7. Let f(c) = 5*c + 1. Let g(a) = 5*a. Let m(x) = -2*f(x) + 3*g(x). Suppose -44 = 2*v - 6*v. Let s(k) = v*m(k) + 4*u(k). Give s(0).
6
Let u(b) = -11*b**2 - 23*b - 15. Let c(f) = -6*f**3 - f**2 + 1. Let h be c(1). Let q(j) = 5*j**2 + 11*j + 7. Let w(x) = h*u(x) - 13*q(x). What is w(6)?
5
Let p(b) = -b**3 - 4*b**2 - b + 2. Suppose -l = 4*r + 10, -r - 2*r + l - 11 = 0. Determine p(r).
-4
Let u = -311 + -3. Let w be 33/44 + u/(-8). Suppose 0 = 5*d + 3*f + f - w, -2*d + 18 = 2*f. Let s(h) = h**3 - 3*h**2 - 4. Determine s(d).
12
Let p(i) be the third derivative of 0 - 1/6*i**3 - 1/24*i**4 + 0*i - i**2. Suppose 2*m - 2*f = 0, -6 = -2*f - 0. What is p(m)?
-4
Let o(r) be the first derivative of 3*r**2/2 - 6*r + 147. Suppose 3*j - 56 = -11. Suppose -j + 0 = -3*i. Calculate o(i).
9
Let q(v) be the second derivative of 0*v**2 + 0 + 1/2*v**3 - 11*v. What is q(6)?
18
Let m be 4 + (10 - -2)/(-6). Suppose 22 = m*j + 34. Let n(l) = l**2 + 8*l + 7. Calculate n(j).
-5
Let o be (-2)/(-1) + 4/(-2). Let p(k) be the first derivative of k**2/2 - 13*k + 3319. Determine p(o).
-13
Let k = -4 + 1. Let x(z) = 9*z**3 - z**2 + 15*z - 5. Let q(a) = 4*a**3 + 7*a - 2. Let n(w) = -7*q(w) + 3*x(w). Give n(k).
11
Let d(x) = x**2 - 8*x + 2. Let l be -1*(5 + 2)/(0 - 1). What is d(l)?
-5
Let i(r) = -12*r**2 - 34*r + 23. Let l(d) = -4*d**2 - 12*d + 8. Let h(g) = 6*i(g) - 17*l(g). Give h(2).
-14
Let g(q) = 16*q - 4. Let w = 384 + -381. Give g(w).
44
Let j(z) = -z**3 + 6*z**2 - 4*z - 5. Suppose -4*s + 2*h + 21 = h, 3*h = 5*s - 28. Give j(s).
0
Let z(x) be the second derivative of x**4/12 + x**2/2 - 236*x. Give z(0).
1
Let k(r) = -r**2 - 5*r + 2. Let x be (4/(-10))/((-2)/((-20)/(-2))). Let z = -2 - x. What is k(z)?
6
Let m(a) be the second derivative of -13*a - 1/3*a**3 + 0 - 3/2*a**2. What is m(5)?
-13
Let k(v) = 8 + 8*v + 3*v - 16*v + 4*v. Calculate k(0).
8
Let s(f) = -f**3 - f - 6. Let j be s(0). Let l(k) = k**2 + 5*k + 15. Let t(r) = -2*r**2 - 11*r - 24. Let n(x) = 5*l(x) + 3*t(x). Give n(j).
15
Suppose 3*a - 8 = -a. Suppose 0 = 2*v + 5*z + 10, -3*z - 4 - a = 2*v. Let w(i) = -i + i + 3 + v*i - i. Give w(0).
3
Let v(x) = 2*x - 10. Suppose 12 = -3*o + 5*s + 19, 0 = o - 4*s. What is v(o)?
-2
Let r(s) = -s**2 + s + 41. Let m be 0/(4 + -7 + (-28)/(-4)). Give r(m).
41
Let p(x) = 2*x**3 + 4*x**2 + x + 1. Let s(t) = -t**3 - 3*t**2. Let z(k) = 4*p(k) + 5*s(k). Calculate z(-2).
-24
Let r be -1*((-24)/9)/8. Let i(q) be the third derivative of 0 + 0*q - r*q**3 + 4*q**2 + 1/24*q**4. What is i(-2)?
-4
Suppose -5*t + 2*h + 2*h = 29, 4*t - 2*h = -22. Let m(u) = -u - 2. What is m(t)?
3
Suppose 0 = 5*i - 2*l + 45, 5*l - 9*l + 13 = i. Let h(c) = c**3 + 8*c**2 + 6*c - 6. Give h(i).
1
Let i(y) = -y**3 - 6*y**2 + y + 5. Let q(b) = 4*b - 6. Suppose 5*u - 4*u = -u. Let n be q(u). Calculate i(n).
-1
Let x(y) = -y**2. Let v(l) = l**2 - 3*l - 4. Let i(g) = -v(g) - 3*x(g). Let b be -3 + ((-2)/(-8))/((-7)/28). What is i(b)?
24
Let q(k) = -k**2 + k + 6. Let i(c) = 43*c**2 - 3*c + 2. Let f be i(1). Let v = -42 + f. What is q(v)?
6
Let c(y) = -3*y + 1. Suppose 51*r + 2 = 2*q + 46*r, -3*q = -2*r + 8. Give c(q).
13
Let l = 1 + 1. Let y(n) = -2*n**3 + 18*n**2 - n + 8. Let m be y(9). Let r be 3 + (l + 2)*m. Let k(u) = 5*u - 1. Give k(r).
-6
Let q(t) = -2*t. Let f be q(1). Let s(a) = 2*a + 2 - 2*a**3 + 4*a**2 - 4 + 3*a**3. Determine s(f).
2
Let k be 5 - (1 - 2/(-2)). Let g(u) be the first derivative of 5*u**2/2 - 8*u + 41. Let q(i) = 9*i - 15. Let v(y) = 11*g(y) - 6*q(y). Give v(k).
5
Let j(x) be the first derivative of 4*x**2 + 1/3*x**3 - 49 + 4*x. Suppose -2*a - 2*v - 20 = 0, -4*v - 34 = 5*a - 2*a. Determine j(a).
-8
Let w(p) be the second derivative of p**3/6 - 5*p**2/2 - 39*p. What is w(3)?
-2
Let s be (-3)/(-12) - 4/16. Let i(o) = 8 - 3*o**2 + s - o - 8. Calculate i(1).
-4
Let h(i) = 5*i + 3*i**2 - 4*i**2 + 2*i. Suppose 10*y = 5*y + 35. Give h(y).
0
Let h(t) = -3*t. Let r = -31 - -53. Let g be (10/3 - 4) + r/6. What is h(g)?
-9
Let w be 1 + 1*-3 + 2. Let r = w - 1. Let b(a) = 4951*a**2 - a - 13*a**3 + 0*a - 4953*a**2. Calculate b(r).
12
Let f = 65 + -66. Let v(r) be the first derivative of 2*r - 4*r - 2 + 4*r**2 + r - 2*r**4 - 5*r**2. Give v(f).
9
Let n(f) be the second derivative of -f**4/12 + f**2 - 2*f - 1. Determine n(5).
-23
Let s(c) = -c**3 - 7*c**2 + 4*c - 27. Let a = -1953 - -1945. Calculate s(a).
5
Let i(q) = -12*q + 105. Let v be i(9). Let t(p) be the third derivative of -p**2 + 0*p + 1/6*p**4 + 2/3*p**3 + 0. Determine t(v).
-8
Let l(k) = k + 3. Let s be 0 + (1 + -4 - -5). Suppose s*o - 3*o - 14 = 4*m, 0 = -2*o - 5*m - 22. Give l(o).
-3
Let k(n) = 2 + 704*n**3 - 3 - 1417*n**3 + 714*n**3 + 3*n + 4*n**2. Determine k(-3).
-1
Let v(i) = 10 + 0*i + i**2 + i - 15. Determine v(0).
-5
Let n(h) = -h**3 - 3*h**2 - 5. Let l(p) = p - 1. Let y be l(0). Suppose 12 = -3*x + g, -4*x + 5*g - 10*g + 3 = 0. Let f = x + y. Determine n(f).
11
Let d(o) be the third derivative of o**5/60 - o**4/4 - 10*o**3/3 - 177*o**2. Determine d(8).
-4
Suppose f + 5*r + 11 = 40, 0 = -3*f - 4*r + 43. Let i = -2 + f. Let k(m) = -1 + 7*m - i*m - 3*m. What is k(1)?
-4
Let z(p) = p**2 - 9*p + 14. Let c = -420 + 425. Determine z